{"id":281,"date":"2021-02-25T20:32:05","date_gmt":"2021-02-25T19:32:05","guid":{"rendered":"https:\/\/staging.centreevasion.com\/?page_id=281"},"modified":"2022-10-27T20:40:08","modified_gmt":"2022-10-27T18:40:08","slug":"notre-equipe","status":"publish","type":"page","link":"https:\/\/staging.centreevasion.com\/index.php\/notre-equipe\/","title":{"rendered":"Notre \u00e9quipe"},"content":{"rendered":"\n<p><em>Notre \u00e9quipe est compos\u00e9e de professionnels dipl\u00f4m\u00e9s en plusieurs programmes \u00e0 volet g\u00e9riatrique, notamment; l\u2019\u00e9ducation sp\u00e9cialis\u00e9e, la r\u00e9cr\u00e9ologie, la g\u00e9rontologie et la psychologie. Des b\u00e9n\u00e9voles, pr\u00e9pos\u00e9s aux b\u00e9n\u00e9ficiaires, stagiaires, \u00e9tudiants en ergoth\u00e9rapie, aides animateurs et sp\u00e9cialistes externes compl\u00e8tent notre \u00e9quipe.<\/em><\/p>\n\n\n\n<p>Chacun de nos intervenants est form\u00e9 pour assurer un service courtois et professionnel et promouvoir un climat familial. D\u00e8s l\u2019embauche, notre personnel suit&nbsp;une s\u00e9rie de formations sp\u00e9cifiques \u00e0 la client\u00e8le, telles PDSB, la maladie d\u2019Alzheimer, RCR, multiculturalisme en milieu de travail, les premiers soins et la loi 90 sur l\u2019administration des m\u00e9dicaments.<\/p>\n\n\n\n<p>Nous encourageons les \u00e9changes multiculturels entre les participants et croyons qu\u2019il est important que le personnel d\u2019\u00c9vasion soit repr\u00e9sentatif de la diversit\u00e9 de notre client\u00e8le. Nos intervenants peuvent s\u2019exprimer et comprendre plusieurs langues et sont sp\u00e9cialement form\u00e9s pour travailler avec les familles issues des diverses communaut\u00e9s culturelles montr\u00e9alaises.<\/p>\n\n\n\n<p class=\"has-text-align-center has-vivid-red-color has-text-color has-medium-font-size\"><strong>Envoyez nous votre CV pour rejoindre l&rsquo;\u00e9quipe \u00c9vasion. <\/strong><\/p>\n\n\n\n<div class=\"wp-block-buttons is-horizontal is-content-justification-center is-layout-flex wp-container-core-buttons-is-layout-499968f5 wp-block-buttons-is-layout-flex\">\n<div class=\"wp-block-button\"><a class=\"wp-block-button__link has-vivid-red-background-color has-background\" href=\"mailto:rh.evasion@gmail.com?subject=Postuler\">Nous rejoindre<\/a><\/div>\n<\/div>\n\n\n\n<div class=\"wp-block-group\"><div class=\"wp-block-group__inner-container is-layout-flow wp-block-group-is-layout-flow\">\n<div class=\"wp-block-group has-vivid-red-background-color has-background\"><div class=\"wp-block-group__inner-container is-layout-flow wp-block-group-is-layout-flow\">\n<p><\/p>\n\n\n\n<p class=\"has-text-align-center has-white-color has-text-color\"><\/p>\n\n\n\n<div style=\"height:39px\" aria-hidden=\"true\" class=\"wp-block-spacer\"><\/div>\n\n\n\n<div class=\"wp-block-columns is-layout-flex wp-container-core-columns-is-layout-9d6595d7 wp-block-columns-is-layout-flex\">\n<div class=\"wp-block-column is-layout-flow wp-block-column-is-layout-flow\" style=\"flex-basis:10%\"><\/div>\n\n\n\n<div class=\"wp-block-column is-layout-flow wp-block-column-is-layout-flow\" style=\"flex-basis:80%\">\n<p class=\"has-text-align-center has-white-color has-text-color\">L&rsquo;action b\u00e9n\u00e9vole occupe une place importante au Centre \u00c9vasion. Nous sommes toujours \u00e0 la recherche de b\u00e9n\u00e9voles&#8230;nos \u00e9quipes, nos aidants et nos patients appr\u00e9cient votre engagement. Que vous disposiez d&rsquo;une plage de temps courte ou \u00e9tendue, de fa\u00e7on ponctuelle ou r\u00e9guli\u00e8re&#8230;votre engagement est tout aussi pr\u00e9cieux : contactez-nous pour construire le projet de b\u00e9n\u00e9volat qui vous parle et qui s&rsquo;int\u00e8gre \u00e0 la d\u00e9marche professionnelle et s\u00e9curitaire du centre.<\/p>\n<\/div>\n\n\n\n<div class=\"wp-block-column is-layout-flow wp-block-column-is-layout-flow\" style=\"flex-basis:10%\"><\/div>\n<\/div>\n\n\n\n<div class=\"wp-block-buttons is-horizontal is-content-justification-center is-layout-flex wp-container-core-buttons-is-layout-499968f5 wp-block-buttons-is-layout-flex\">\n<div class=\"wp-block-button\"><a class=\"wp-block-button__link has-white-color has-text-color\" href=\"mailto:rh.evasion@gmail.com?subject=Devenir benevole\">Devenir b\u00e9n\u00e9vole<\/a><\/div>\n<\/div>\n\n\n\n<div style=\"height:39px\" aria-hidden=\"true\" class=\"wp-block-spacer\"><\/div>\n<\/div><\/div>\n<\/div><\/div>\n","protected":false},"excerpt":{"rendered":"<p>Notre \u00e9quipe est compos\u00e9e de professionnels dipl\u00f4m\u00e9s en plusieurs programmes \u00e0 volet g\u00e9riatrique, notamment; l\u2019\u00e9ducation sp\u00e9cialis\u00e9e, la r\u00e9cr\u00e9ologie, la g\u00e9rontologie et la psychologie. Des b\u00e9n\u00e9voles, pr\u00e9pos\u00e9s aux b\u00e9n\u00e9ficiaires, stagiaires, \u00e9tudiants en ergoth\u00e9rapie, aides animateurs et sp\u00e9cialistes externes compl\u00e8tent notre \u00e9quipe. Chacun de nos intervenants est form\u00e9 pour assurer un service courtois et professionnel et promouvoir un climat familial. D\u00e8s l\u2019embauche, notre personnel suit&nbsp;une s\u00e9rie de formations sp\u00e9cifiques \u00e0 la client\u00e8le, telles PDSB, la maladie d\u2019Alzheimer, RCR, multiculturalisme en milieu de travail, les premiers soins et la loi 90 sur l\u2019administration des m\u00e9dicaments. Nous encourageons les<\/p>\n<p><a class=\"more-link\" href=\"https:\/\/staging.centreevasion.com\/index.php\/notre-equipe\/\">Read More<\/a><\/p>\n","protected":false},"author":1,"featured_media":0,"parent":0,"menu_order":0,"comment_status":"closed","ping_status":"closed","template":"","meta":{"footnotes":""},"class_list":["post-281","page","type-page","status-publish","hentry"],"_links":{"self":[{"href":"https:\/\/staging.centreevasion.com\/index.php\/wp-json\/wp\/v2\/pages\/281","targetHints":{"allow":["GET"]}}],"collection":[{"href":"https:\/\/staging.centreevasion.com\/index.php\/wp-json\/wp\/v2\/pages"}],"about":[{"href":"https:\/\/staging.centreevasion.com\/index.php\/wp-json\/wp\/v2\/types\/page"}],"author":[{"embeddable":true,"href":"https:\/\/staging.centreevasion.com\/index.php\/wp-json\/wp\/v2\/users\/1"}],"replies":[{"embeddable":true,"href":"https:\/\/staging.centreevasion.com\/index.php\/wp-json\/wp\/v2\/comments?post=281"}],"version-history":[{"count":110,"href":"https:\/\/staging.centreevasion.com\/index.php\/wp-json\/wp\/v2\/pages\/281\/revisions"}],"predecessor-version":[{"id":1488,"href":"https:\/\/staging.centreevasion.com\/index.php\/wp-json\/wp\/v2\/pages\/281\/revisions\/1488"}],"wp:attachment":[{"href":"https:\/\/staging.centreevasion.com\/index.php\/wp-json\/wp\/v2\/media?parent=281"}],"curies":[{"name":"wp","href":"https:\/\/api.w.org\/{rel}","templated":true}]}}